. Is j a prime number?
False
Let x(v) = 11*v**2 - 11*v + 37. Is x(4) composite?
True
Let p = 294 - 135. Let r = 499 - p. Suppose 2*f + 2*f - r = 0. Is f a composite number?
True
Suppose -2*k - 56 = -6*k. Let x be 962/k + (-8)/(-28). Suppose -5*c = 4*s - x, 3*c + 120 = 5*s - 2*c. Is s prime?
False
Suppose s = -5 - 2. Let o = s + 11. Suppose 2*q + 2*c - c = 32, o*q = -3*c + 68. Is q composite?
True
Suppose n + 1 = 4*w, 3*w = n - 2*n - 1. Let y be ((-6)/8)/(n/220). Suppose -y = -3*u - 0*u. Is u prime?
False
Let y(v) = -v**3 - v**2 - 6*v + 4*v - 8 + 3. Let b be y(-4). Let k = 82 - b. Is k a prime number?
True
Suppose v + j = 646, j + 2608 = 4*v - 3*j. Is v composite?
True
Suppose f + g = -15 + 42, g = -4*f + 123. Let b = f - -35. Is b a prime number?
True
Suppose -2*k = -4*c + 5 + 29, 5*k - c = -49. Let b = k - -23. Is b prime?
False
Let s(t) = 3*t + 13*t**2 - 2*t**2 - 3*t - t + 1. Let m = 4 + -3. Is s(m) a composite number?
False
Let v(g) be the third derivative of -3*g**4/4 + 5*g**3/6 + g**2. Is v(-8) a composite number?
False
Let y(h) = 13*h + 5. Let g = 18 + -13. Suppose -2*q = -4*z + 8, g*q - 1 - 9 = 4*z. Is y(q) composite?
False
Let m = -91 + 210. Is m a composite number?
True
Let w(v) = 3 - 7 + 5 + v - 5. Let f be w(9). Suppose -f*y + 185 = -0*y + 2*l, -111 = -3*y - l. Is y composite?
False
Let s(o) = o**3 - 12*o**2 + 4*o + 9. Let q = -22 + 34. Is s(q) composite?
True
Let t be ((-6)/(-4))/((-18)/(-1500)). Suppose 12 = 3*q, 3*i - t = 4*q - 6*q. Is i a composite number?
True
Suppose 3*u + 3*x - 15 = 0, 2*u - u = x + 3. Suppose -u*z + 273 = 5*c, 6*z - 159 = -3*c + 2*z. Is c prime?
False
Suppose p - l - 2*l = -12, -4 = -5*p - l. Let m = -2 - p. Is 10 - (-2 - m - 1) composite?
False
Let l(t) = 11*t**2 + 3*t**3 - 2 - 7*t - 2*t**3 + 0. Is l(-9) a prime number?
True
Let z(l) = -11 + 4*l**3 + 12 + 5*l - l**2 - 4*l. Is z(2) composite?
False
Is (-3 - -1)/((-2)/143) a prime number?
False
Suppose 3*d = 23 + 1. Let w be (-26)/(-4) + (-4)/d. Is (-3 + 6)*118/w a prime number?
True
Let d(l) be the second derivative of l**3/6 + l**2 + l. Let i be d(-5). Is 6/(-18) - 28/i a composite number?
True
Let m(x) be the first derivative of -x**4/4 + 4*x**3 - 6*x**2 - 7*x - 2. Let r be m(10). Suppose -5*j - r = -2*n + 13, 5*j - 20 = 0. Is n a composite number?
False
Let g be 3/((-9)/(-20))*12. Let a(q) = -q**2 - 3*q + 2. Let o be a(-3). Suppose o*d = 38 + g. Is d composite?
False
Suppose 0 = -2*m - 134 + 1104. Suppose 2*t = -43 + m. Is t a prime number?
False
Let n be (8/(-10))/((-12)/30). Suppose -c - 191 = -2*t, 403 = 2*t + n*t + 5*c. Is t a composite number?
False
Suppose 2*b - 299 = 5*u, -640 = -4*b - 4*u - 0*u. Is b a composite number?
False
Let m(t) = t**2 + 9*t + 8. Let f be m(-6). Let o be ((-288)/f)/(4/(-20)). Let n = o + 257. Is n a prime number?
True
Suppose -285 = -2*y + 149. Is y composite?
True
Suppose -u - 5*s - 1407 = -3*u, -2*u - 4*s = -1362. Is u a composite number?
False
Suppose 5*p - 4890 = -5*m - 0*m, 0 = -4*m - p + 3915. Is m prime?
False
Is 76/(-20) + 4 + 12972/15 prime?
False
Suppose -2*m + 1 = 5*s - 4, -5*s - 5*m = 10. Suppose k + s = 7. Suppose -37 = k*a - 185. Is a prime?
True
Suppose f = -5*a + 32, -3*a - 189 = -5*f + a. Is f a composite number?
False
Suppose -2*r + 18 + 8 = 4*t, -r - 3 = -2*t. Suppose -5*y = -5*g + 240, 7*y - 2*y + r = 0. Is g prime?
True
Let f(u) be the second derivative of -u**3/3 + 3*u**2 + 2*u. Let z be f(7). Is (z/5)/((-4)/10) prime?
False
Let f(a) = a**2 - 3*a + 2521. Is f(0) a composite number?
False
Suppose 4*u + d - 22 = 0, 2*u + 3*d = -2*u + 26. Suppose 0*p - 5*r = -4*p + 125, -5*p + u*r = -160. Is p prime?
False
Let w(r) = 2*r**2 + 6*r - 5*r + 1 + 1 + 4*r. Is w(-4) prime?
False
Suppose 5*j = -j + 354. Is j a composite number?
False
Suppose 0 = 4*w - 2 - 6. Let b = 0 - w. Is 187/5 + b/5 a prime number?
True
Suppose 6*d - 903 = 3*d. Is d prime?
False
Suppose 4*z = 13 + 63. Let f = 49 - z. Suppose 5*k - f = 205. Is k composite?
False
Let u = 0 - -58. Is u a composite number?
True
Suppose 3*k + 3*v = 411, -k - 4*k - v = -669. Is k a prime number?
False
Let l be 1044/(-6)*(-23)/(-3). Is l/(-6) + (-10)/(-15) composite?
False
Let f be 14/42 + (-34)/(-6). Suppose -f = -l + 8. Is l a prime number?
False
Let m(s) = s**2 - 1. Let d be m(2). Let p(q) = -3*q - d*q**3 + 2*q**3 + 8*q**2 + 8 + 1. Is p(7) prime?
True
Let m = 1820 - 981. Is m a prime number?
True
Let a be ((-191)/(-2) - 0)*10. Suppose 0*u + i + a = 5*u, -5*u + 3*i = -955. Is u a prime number?
True
Suppose -10*g + 9*g = -1559. Is g composite?
False
Let t(s) = s**3 + 4*s**2 - s - 2. Let l = -12 - -8. Let v be t(l). Suppose v*w = -2*w + 8. Is w a composite number?
False
Suppose -7*o + 124 = -93. Is o composite?
False
Is 3*(-124)/(-12)*1 a prime number?
True
Let g = 3280 - 2231. Is g composite?
False
Let p(u) = -2*u**2 - 3*u + 4. Let a be p(4). Let f = a + 347. Is f composite?
False
Let y(w) be the second derivative of -5/2*w**2 - 2*w + 5/6*w**3 + 0. Is y(8) a composite number?
True
Let x be 6/2 + -3 + 1. Is 89 - (x + -3 - -2) a composite number?
False
Let f be 87*(-3 + 4)*-1. Let t = 90 - f. Is t a prime number?
False
Let p(g) = -5 + 3 + 1 + 182*g + 22*g. Is p(1) prime?
False
Let t(n) = n**2 + n + 21. Let g be (-2)/4*(-1 + -1). Let m be (-1 - (-2 + 1))*g. Is t(m) a prime number?
False
Is (1 - 152/3)/(13/(-39)) a prime number?
True
Suppose 1200 = -4*j - u + 4036, 2836 = 4*j + 2*u. Is j prime?
True
Suppose 2*d = -4*k + 4854, 210 = k + 3*d - 1006. Is k a composite number?
False
Let t = 119 + -205. Let y = 25 - t. Is y a composite number?
True
Suppose 8*u - 2*u - 3498 = 0. Is u a prime number?
False
Let a = 4 - 13. Let z(r) = -2*r + 8. Is z(a) composite?
True
Let q(p) = p**3 + 2*p**2 - 5*p - 4. Let c be q(-3). Suppose 4*n + 1908 = -c*f, -3*n - n - f = 1912. Is 4/(-18) + n/(-9) composite?
False
Suppose -3*u = -5*a + 32, 0 = 5*u - a - 4*a + 40. Is (124 - (-8)/u) + -3 a composite number?
True
Let y(d) = d**3 + 10*d**2 + 8*d + 1. Let p be y(-9). Let u be (-25)/p*(-152)/2. Suppose 0 = -0*n - 2*n + u. Is n a composite number?
True
Suppose 0 = v + 5*b - 27, 5*b + 0*b = -4*v + 33. Suppose -k - 38 = -v*k. Is k composite?
True
Let l(s) = -48*s - 3. Let o(c) be the third derivative of -239*c**4/24 - 8*c**3/3 + 3*c**2. Let q(u) = 11*l(u) - 2*o(u). Is q(-1) prime?
False
Suppose -7*v + 13070 = 4236. Is v prime?
False
Let d = 246 - 67. Is d composite?
False
Let m(j) = -5*j + 5. Let i be m(4). Is 5/i - (-10)/3 a composite number?
False
Let w = 8 + -4. Suppose 3*s - w*f - 42 = -3*f, -2*f + 59 = 5*s. Is s a composite number?
False
Let z(a) = -a**2 - 7*a - 5. Let j be z(-5). Suppose j*m - 2*m - 207 = 0. Is m composite?
True
Let o(a) = -15*a**2 + 539. Let h(m) = -7*m**2 + 269. Let n(p) = 13*h(p) - 6*o(p). Is n(0) prime?
True
Let z be 1 - ((-472)/1 - 0). Let v = z + -221. Suppose -4*f + 371 = 5*n, -f = -4*f + 5*n + v. Is f composite?
False
Let y = 11 - 2. Suppose -5*j = -y*j + 1004. Is j composite?
False
Suppose -5*d + 6275 = -5*a + 10*a, -d = -5*a + 6299. Is a prime?
True
Suppose 5*i + 3*u = 740, 5*u - 165 = -i + u. Is i prime?
False
Suppose -l - 4*w + 299 = 0, 0 = -10*l + 5*l + 3*w + 1610. Is l composite?
True
Suppose 2*p = -0*p. Suppose -2*t = 3*t + i + 11, -t + 2*i = p. Is t + 2 + 19 + 0 a composite number?
False
Suppose 3*f - v = 23, 4*f = 5*v - v + 20. Let a = 44 + f. Is a a composite number?
False
Is (-14 + 16)/((-2)/457)*-3 a composite number?
True
Let q(t) = -t**3 - 5*t - 1. Let w = -22 - -18. Is q(w) a prime number?
True
Is 3436/12 + 6/9 prime?
False
Let u(c) be the third derivative of c**6/120 + c**5/10 - 7*c**4/24 - c**3/2 - c**2. Let n be u(-6). Suppose 4*p = p + n. Is p a composite number?
False
Let m(w) = 4*w**2 - 8*w - 3. Suppose 0 = -3*k + 5 + 13. Let n be m(k). Suppose 2*p - n = -p. Is p a prime number?
True
Let w = -21 - -13. Is ((-26)/3)/(w/84) composite?
True
Let c = 7 + -3. Suppose r = -3*y + 13, -3*r = y + y - c. Let i(p) = -p**3 + 5*p**2 + 6*p + 1. Is i(y) a prime number?
True
Let a = -42 + -14. Let u = -35 - a. Is u a composite number?
True
Let h be (1 + 2)*2/3. Suppose -3*w + 455 = h*w. Is w a composite number?
True
Let i = 34 + -56. Suppose 3*a = -0*a + 105. Let f = i + a. Is f a prime number?
True
Let j = -1 - -5. Suppose -j*p = -8, -2 + 11 = u + 3*p. Is u a